{"id":13,"date":"2017-03-08T13:55:05","date_gmt":"2017-03-08T13:55:05","guid":{"rendered":"http:\/\/localhost\/wp-themes\/car-repair-services\/?page_id=13"},"modified":"2026-05-12T12:25:55","modified_gmt":"2026-05-12T10:25:55","slug":"unfallschaden","status":"publish","type":"page","link":"https:\/\/svdemmer.de\/?page_id=13","title":{"rendered":"Unfallschaden"},"content":{"rendered":"<div class=\"wpb-content-wrapper\"><p>[vc_row el_class=&#8221;text-center vehicle-damage&#8221;][vc_column][vc_column_text css=&#8221;.vc_custom_1778581221136{margin-bottom: 40px !important;}&#8221;]<\/p>\n<h2 class=\"headline font-special fontsize-xl fontweight-700 lh-inherit align-center transform-uppercase \">Unverschuldet in einen Unfall verwickelt?<\/h2>\n<p class=\"info text-center\">Ein unabh\u00e4ngiger KFZ-Sachverst\u00e4ndiger sollte im eigenen Interesse immer eingeschaltet werden.<\/p>\n<p>[\/vc_column_text][\/vc_column][\/vc_row][vc_row css=&#8221;.vc_custom_1561659218700{background-color: #cce2e2 !important;}&#8221;][vc_column width=&#8221;1\/2&#8243;][vc_single_image image=&#8221;1981&#8243; img_size=&#8221;full&#8221;][\/vc_column][vc_column width=&#8221;1\/2&#8243;][vc_column_text]<\/p>\n<h3>Hinweis:<\/h3>\n<p class=\"headline font-inherit fontsize-l fontweight-inherit lh-inherit align-center transform-inherit \" style=\"text-align: left;\">Ein KFZ-Gutachter sollte grunds\u00e4tzlich unparteiisch sein. F\u00fcr Sie als Gesch\u00e4digte\/r ist es wichtig, dass Sie im Schadensfall einen Sachverst\u00e4ndigen bestellen, der Ihr Vertrauen genie\u00dft und der z.B. nicht von der Versicherung des Unfallverursachers eingesetzt wurde, denn nur so k\u00f6nnen Sie sicher sein, dass Ihr Schadenersatz der geltenden Rechtsprechung entspricht. Ihre eigenen Interessen sollten bei einem Gutachten immer im Vordergrund stehen. Ein unabh\u00e4ngiger KFZ-Gutachter kann also unter Umst\u00e4nden Geld sparen.<\/p>\n<p>[\/vc_column_text][\/vc_column][\/vc_row][vc_row full_width=&#8221;stretch_row&#8221; el_class=&#8221;block bg-1 service-page-services&#8221; css=&#8221;.vc_custom_1561657576464{background-color: #f5f5f5 !important;}&#8221;][vc_column][vc_column_text]<\/p>\n<h2 class=\"h-lg text-center\">Alles zum Thema<\/h2>\n<p>[\/vc_column_text][vc_row_inner][vc_column_inner width=&#8221;1\/3&#8243; offset=&#8221;vc_col-md-4&#8243; css=&#8221;.vc_custom_1512554285898{margin-bottom: 0px !important;}&#8221;][vc_column_text css=&#8221;.vc_custom_1778581336360{margin-bottom: 0px !important;}&#8221;]<\/p>\n<ul class=\"marker-list\">\n<li>Grunds\u00e4tzlich:<\/li>\n<\/ul>\n<p><span class=\"s2\">Im Haftpflichtschadensfall (Sie sind nicht schuld) sollten Sie grunds\u00e4tzlich einen eigenen Gutachter beauftragen.<\/span><\/p>\n<ul class=\"marker-list\">\n<li>Abrechnung:<\/li>\n<\/ul>\n<p>Besonders bei einer fiktiven Abrechnung (der Barauszahlung des Schadens ohne Mehrwertsteuer) ist ein Gutachter wichtig, um einen fairen Preis zu ermitteln.[\/vc_column_text][\/vc_column_inner][vc_column_inner width=&#8221;1\/3&#8243;][vc_column_text css=&#8221;.vc_custom_1560770645475{margin-bottom: 0px !important;}&#8221;]<\/p>\n<ul class=\"marker-list\">\n<li>Kaskoschadenfall:<\/li>\n<\/ul>\n<p>Im Kaskoschadensfall, pr\u00fcfen Sie ob Sie den Sachverst\u00e4ndigen Gutachter selbst bestimmen d\u00fcrfen!<\/p>\n<ul class=\"marker-list\">\n<li>Wertgutachten:<\/li>\n<\/ul>\n<p>Mit einem KFZ-Gutachten sind alle wichtigen, zu ber\u00fccksichtigenden Punkte der Ermittlung eines Schadens bzw. des Werts eines Fahrzeug abgedeckt.[\/vc_column_text][\/vc_column_inner][vc_column_inner width=&#8221;1\/3&#8243;][vc_column_text css=&#8221;.vc_custom_1560770719410{margin-bottom: 0px !important;}&#8221;]<\/p>\n<ul class=\"marker-list\">\n<li>Teilschuld:<\/li>\n<\/ul>\n<p>Selbst bei einer eventuellen Teilschuld sollten Sie einen Sachverst\u00e4ndigen Ihres Vertrauens um Rat bitten.<\/p>\n<ul class=\"marker-list\">\n<li>Kostenvoranschl\u00e4ge der KFZ-Werkstatt:<\/li>\n<\/ul>\n<p>Sind vor Gericht nicht rechtskr\u00e4ftig und ber\u00fccksichtigen weder die Wertminderung eines Fahrzeugs, noch den Wiederbeschaffungswert[\/vc_column_text][\/vc_column_inner][\/vc_row_inner][vc_empty_space height=&#8221;64px&#8221;][vc_separator color=&#8221;custom&#8221; accent_color=&#8221;#009fe3&#8243;][vc_column_text]<\/p>\n<p style=\"text-align: center;\"><strong>Die Beauftragung eines unabh\u00e4ngigen, qualifizierten Kfz-Sachverst\u00e4ndigen ist damit der zuverl\u00e4ssigste und wichtigste Schritt nach einem unverschuldeten bzw. teilverschuldeten Unfall. Au\u00dferdem haben Sie eine vollst\u00e4ndige \u00dcbersicht \u00fcber alle schadensrelevanten Positionen. Besonders wichtig, wenn Sie das Fahrzeug weiterverkaufen m\u00f6chten.<\/strong><\/p>\n<p>[\/vc_column_text][\/vc_column][\/vc_row][vc_row el_class=&#8221;text-center vehicle-damage&#8221;][vc_column][vc_column_text css=&#8221;.vc_custom_1778581546531{margin-bottom: 40px !important;}&#8221;]<\/p>\n<h2 class=\"h-lg\">Schadensfall? <span class=\"color\">Wir sind f\u00fcr Sie da!<\/span><\/h2>\n<p class=\"info\">Unser Team k\u00fcmmert sich um eine schnelle und sorglose Abwicklung.<\/p>\n<h2 class=\"h-phone\">0271 \/ 33 10 55<\/h2>\n<p>[\/vc_column_text]        <a class=\"btn btn-invert\" href=\"#\" data-toggle=\"modal\" data-target=\"#appointmentForm\"><span>Kontakt<\/span><\/a>\r\n        [\/vc_column][\/vc_row]<\/p>\n<\/div>","protected":false},"excerpt":{"rendered":"<p>[vc_row el_class=&#8221;text-center vehicle-damage&#8221;][vc_column][vc_column_text css=&#8221;.vc_custom_1778581221136{margin-bottom: 40px !important;}&#8221;] Unverschuldet in einen Unfall verwickelt? Ein unabh\u00e4ngiger KFZ-Sachverst\u00e4ndiger sollte im eigenen Interesse immer eingeschaltet werden. [\/vc_column_text][\/vc_column][\/vc_row][vc_row css=&#8221;.vc_custom_1561659218700{background-color: #cce2e2 !important;}&#8221;][vc_column width=&#8221;1\/2&#8243;][vc_single_image image=&#8221;1981&#8243; img_size=&#8221;full&#8221;][\/vc_column][vc_column width=&#8221;1\/2&#8243;][vc_column_text] Hinweis: Ein KFZ-Gutachter sollte grunds\u00e4tzlich unparteiisch sein. F\u00fcr Sie als Gesch\u00e4digte\/r ist es wichtig, dass Sie im Schadensfall einen Sachverst\u00e4ndigen bestellen, der Ihr Vertrauen genie\u00dft und&#8230;<\/p>\n","protected":false},"author":1,"featured_media":0,"parent":0,"menu_order":0,"comment_status":"closed","ping_status":"closed","template":"","meta":{"footnotes":""},"class_list":["post-13","page","type-page","status-publish","hentry"],"yoast_head":"<!-- This site is optimized with the Yoast SEO plugin v27.6 - https:\/\/yoast.com\/product\/yoast-seo-wordpress\/ -->\n<title>Unfallschaden - SV Demmer<\/title>\n<meta name=\"robots\" content=\"index, follow, max-snippet:-1, max-image-preview:large, max-video-preview:-1\" \/>\n<link rel=\"canonical\" href=\"https:\/\/svdemmer.de\/?page_id=13\" \/>\n<meta property=\"og:locale\" content=\"de_DE\" \/>\n<meta property=\"og:type\" content=\"article\" \/>\n<meta property=\"og:title\" content=\"Unfallschaden - SV Demmer\" \/>\n<meta property=\"og:description\" content=\"[vc_row el_class=&#8221;text-center vehicle-damage&#8221;][vc_column][vc_column_text css=&#8221;.vc_custom_1778581221136{margin-bottom: 40px !important;}&#8221;] Unverschuldet in einen Unfall verwickelt? Ein unabh\u00e4ngiger KFZ-Sachverst\u00e4ndiger sollte im eigenen Interesse immer eingeschaltet werden. [\/vc_column_text][\/vc_column][\/vc_row][vc_row css=&#8221;.vc_custom_1561659218700{background-color: #cce2e2 !important;}&#8221;][vc_column width=&#8221;1\/2&#8243;][vc_single_image image=&#8221;1981&#8243; img_size=&#8221;full&#8221;][\/vc_column][vc_column width=&#8221;1\/2&#8243;][vc_column_text] Hinweis: Ein KFZ-Gutachter sollte grunds\u00e4tzlich unparteiisch sein. F\u00fcr Sie als Gesch\u00e4digte\/r ist es wichtig, dass Sie im Schadensfall einen Sachverst\u00e4ndigen bestellen, der Ihr Vertrauen genie\u00dft und...\" \/>\n<meta property=\"og:url\" content=\"https:\/\/svdemmer.de\/?page_id=13\" \/>\n<meta property=\"og:site_name\" content=\"SV Demmer\" \/>\n<meta property=\"article:modified_time\" content=\"2026-05-12T10:25:55+00:00\" \/>\n<meta name=\"twitter:card\" content=\"summary_large_image\" \/>\n<meta name=\"twitter:label1\" content=\"Gesch\u00e4tzte Lesezeit\" \/>\n\t<meta name=\"twitter:data1\" content=\"2\u00a0Minuten\" \/>\n<script type=\"application\/ld+json\" class=\"yoast-schema-graph\">{\"@context\":\"https:\\\/\\\/schema.org\",\"@graph\":[{\"@type\":\"WebPage\",\"@id\":\"https:\\\/\\\/svdemmer.de\\\/?page_id=13\",\"url\":\"https:\\\/\\\/svdemmer.de\\\/?page_id=13\",\"name\":\"Unfallschaden - SV Demmer\",\"isPartOf\":{\"@id\":\"https:\\\/\\\/svdemmer.de\\\/#website\"},\"datePublished\":\"2017-03-08T13:55:05+00:00\",\"dateModified\":\"2026-05-12T10:25:55+00:00\",\"breadcrumb\":{\"@id\":\"https:\\\/\\\/svdemmer.de\\\/?page_id=13#breadcrumb\"},\"inLanguage\":\"de\",\"potentialAction\":[{\"@type\":\"ReadAction\",\"target\":[\"https:\\\/\\\/svdemmer.de\\\/?page_id=13\"]}]},{\"@type\":\"BreadcrumbList\",\"@id\":\"https:\\\/\\\/svdemmer.de\\\/?page_id=13#breadcrumb\",\"itemListElement\":[{\"@type\":\"ListItem\",\"position\":1,\"name\":\"Home\",\"item\":\"https:\\\/\\\/svdemmer.de\\\/\"},{\"@type\":\"ListItem\",\"position\":2,\"name\":\"Unfallschaden\"}]},{\"@type\":\"WebSite\",\"@id\":\"https:\\\/\\\/svdemmer.de\\\/#website\",\"url\":\"https:\\\/\\\/svdemmer.de\\\/\",\"name\":\"SV Demmer\",\"description\":\"Kfz-Sachverst\u00e4ndigenb\u00fcro\",\"potentialAction\":[{\"@type\":\"SearchAction\",\"target\":{\"@type\":\"EntryPoint\",\"urlTemplate\":\"https:\\\/\\\/svdemmer.de\\\/?s={search_term_string}\"},\"query-input\":{\"@type\":\"PropertyValueSpecification\",\"valueRequired\":true,\"valueName\":\"search_term_string\"}}],\"inLanguage\":\"de\"}]}<\/script>\n<!-- \/ Yoast SEO plugin. -->","yoast_head_json":{"title":"Unfallschaden - SV Demmer","robots":{"index":"index","follow":"follow","max-snippet":"max-snippet:-1","max-image-preview":"max-image-preview:large","max-video-preview":"max-video-preview:-1"},"canonical":"https:\/\/svdemmer.de\/?page_id=13","og_locale":"de_DE","og_type":"article","og_title":"Unfallschaden - SV Demmer","og_description":"[vc_row el_class=&#8221;text-center vehicle-damage&#8221;][vc_column][vc_column_text css=&#8221;.vc_custom_1778581221136{margin-bottom: 40px !important;}&#8221;] Unverschuldet in einen Unfall verwickelt? Ein unabh\u00e4ngiger KFZ-Sachverst\u00e4ndiger sollte im eigenen Interesse immer eingeschaltet werden. [\/vc_column_text][\/vc_column][\/vc_row][vc_row css=&#8221;.vc_custom_1561659218700{background-color: #cce2e2 !important;}&#8221;][vc_column width=&#8221;1\/2&#8243;][vc_single_image image=&#8221;1981&#8243; img_size=&#8221;full&#8221;][\/vc_column][vc_column width=&#8221;1\/2&#8243;][vc_column_text] Hinweis: Ein KFZ-Gutachter sollte grunds\u00e4tzlich unparteiisch sein. F\u00fcr Sie als Gesch\u00e4digte\/r ist es wichtig, dass Sie im Schadensfall einen Sachverst\u00e4ndigen bestellen, der Ihr Vertrauen genie\u00dft und...","og_url":"https:\/\/svdemmer.de\/?page_id=13","og_site_name":"SV Demmer","article_modified_time":"2026-05-12T10:25:55+00:00","twitter_card":"summary_large_image","twitter_misc":{"Gesch\u00e4tzte Lesezeit":"2\u00a0Minuten"},"schema":{"@context":"https:\/\/schema.org","@graph":[{"@type":"WebPage","@id":"https:\/\/svdemmer.de\/?page_id=13","url":"https:\/\/svdemmer.de\/?page_id=13","name":"Unfallschaden - SV Demmer","isPartOf":{"@id":"https:\/\/svdemmer.de\/#website"},"datePublished":"2017-03-08T13:55:05+00:00","dateModified":"2026-05-12T10:25:55+00:00","breadcrumb":{"@id":"https:\/\/svdemmer.de\/?page_id=13#breadcrumb"},"inLanguage":"de","potentialAction":[{"@type":"ReadAction","target":["https:\/\/svdemmer.de\/?page_id=13"]}]},{"@type":"BreadcrumbList","@id":"https:\/\/svdemmer.de\/?page_id=13#breadcrumb","itemListElement":[{"@type":"ListItem","position":1,"name":"Home","item":"https:\/\/svdemmer.de\/"},{"@type":"ListItem","position":2,"name":"Unfallschaden"}]},{"@type":"WebSite","@id":"https:\/\/svdemmer.de\/#website","url":"https:\/\/svdemmer.de\/","name":"SV Demmer","description":"Kfz-Sachverst\u00e4ndigenb\u00fcro","potentialAction":[{"@type":"SearchAction","target":{"@type":"EntryPoint","urlTemplate":"https:\/\/svdemmer.de\/?s={search_term_string}"},"query-input":{"@type":"PropertyValueSpecification","valueRequired":true,"valueName":"search_term_string"}}],"inLanguage":"de"}]}},"_links":{"self":[{"href":"https:\/\/svdemmer.de\/index.php?rest_route=\/wp\/v2\/pages\/13","targetHints":{"allow":["GET"]}}],"collection":[{"href":"https:\/\/svdemmer.de\/index.php?rest_route=\/wp\/v2\/pages"}],"about":[{"href":"https:\/\/svdemmer.de\/index.php?rest_route=\/wp\/v2\/types\/page"}],"author":[{"embeddable":true,"href":"https:\/\/svdemmer.de\/index.php?rest_route=\/wp\/v2\/users\/1"}],"replies":[{"embeddable":true,"href":"https:\/\/svdemmer.de\/index.php?rest_route=%2Fwp%2Fv2%2Fcomments&post=13"}],"version-history":[{"count":99,"href":"https:\/\/svdemmer.de\/index.php?rest_route=\/wp\/v2\/pages\/13\/revisions"}],"predecessor-version":[{"id":2750,"href":"https:\/\/svdemmer.de\/index.php?rest_route=\/wp\/v2\/pages\/13\/revisions\/2750"}],"wp:attachment":[{"href":"https:\/\/svdemmer.de\/index.php?rest_route=%2Fwp%2Fv2%2Fmedia&parent=13"}],"curies":[{"name":"wp","href":"https:\/\/api.w.org\/{rel}","templated":true}]}}